{"id":269,"date":"2026-03-27T11:54:30","date_gmt":"2026-03-27T11:54:30","guid":{"rendered":"http:\/\/rockinbabystudio.pl\/?page_id=269"},"modified":"2026-03-27T12:24:07","modified_gmt":"2026-03-27T12:24:07","slug":"kontakt","status":"publish","type":"page","link":"http:\/\/rockinbabystudio.pl\/index.php\/kontakt\/","title":{"rendered":"Kontakt"},"content":{"rendered":"\n<p>Najszybciej skontaktujesz si\u0119 ze mn\u0105 telefonicznie <\/p>\n\n\n\n<p><strong>607860425<\/strong><\/p>\n\n\n\n<p>Studio znajduje si\u0119 w Lublinie na ul.Jana Sawy <\/p>\n\n\n\n<h2 class=\"wp-block-heading\">Terminy <\/h2>\n\n\n\n<p>Czasem szybkie terminy dost\u0119pne s\u0105 na <a href=\"https:\/\/Rockinbabystudio.zalamo.com\/book\">Zalamo<\/a><\/p>\n\n\n\n<p>Optymalny czas na rezerwacj\u0119 sesji to tak 8-4 tygodni wcze\u015bniej. <\/p>\n\n\n\n<p>Czasem trafiamy na szybkie terminy kiedy co\u015b si\u0119 przesunie (co przy pracy z maluchami si\u0119 zdarza). <\/p>\n\n\n\n<p>Przez zalamo przede wszystkim prowadz\u0119 zapisy na sesje \u015bwi\u0105teczne lub plenerowe (sezonowe), sesje indywidualne rezerwujemy osobi\u015bcie.<\/p>\n\n\n\n<h2 class=\"wp-block-heading\">Facebook<\/h2>\n\n\n\n<div class=\"wp-block-media-text is-stacked-on-mobile\"><figure class=\"wp-block-media-text__media\"><img fetchpriority=\"high\" decoding=\"async\" width=\"1024\" height=\"683\" src=\"http:\/\/rockinbabystudio.pl\/wp-content\/uploads\/2026\/03\/Ankieta-mini-sc-Rockin-Baby-Studio-111-1024x683.jpg\" alt=\"\" class=\"wp-image-274 size-full\" srcset=\"http:\/\/rockinbabystudio.pl\/wp-content\/uploads\/2026\/03\/Ankieta-mini-sc-Rockin-Baby-Studio-111-1024x683.jpg 1024w, http:\/\/rockinbabystudio.pl\/wp-content\/uploads\/2026\/03\/Ankieta-mini-sc-Rockin-Baby-Studio-111-300x200.jpg 300w, http:\/\/rockinbabystudio.pl\/wp-content\/uploads\/2026\/03\/Ankieta-mini-sc-Rockin-Baby-Studio-111-768x512.jpg 768w, http:\/\/rockinbabystudio.pl\/wp-content\/uploads\/2026\/03\/Ankieta-mini-sc-Rockin-Baby-Studio-111-1536x1024.jpg 1536w, http:\/\/rockinbabystudio.pl\/wp-content\/uploads\/2026\/03\/Ankieta-mini-sc-Rockin-Baby-Studio-111.jpg 1651w\" sizes=\"(max-width: 1024px) 100vw, 1024px\" \/><\/figure><div class=\"wp-block-media-text__content\">\n<p>Wpadnij na Facebooka \u2013 tam dziel\u0119 si\u0119 kulisami pracy i nowo\u015bciami. Bez filtr\u00f3w, konkretnie i z humorem.<\/p>\n<\/div><\/div>\n\n\n\n<h2 class=\"wp-block-heading\">Instagram <\/h2>\n\n\n\n<div class=\"wp-block-media-text is-stacked-on-mobile\"><figure class=\"wp-block-media-text__media\"><img decoding=\"async\" width=\"1024\" height=\"683\" src=\"http:\/\/rockinbabystudio.pl\/wp-content\/uploads\/2026\/03\/Ankieta-mini-Rockin-Baby-Studio-1024x683.jpg\" alt=\"\" class=\"wp-image-276 size-full\" srcset=\"http:\/\/rockinbabystudio.pl\/wp-content\/uploads\/2026\/03\/Ankieta-mini-Rockin-Baby-Studio-1024x683.jpg 1024w, http:\/\/rockinbabystudio.pl\/wp-content\/uploads\/2026\/03\/Ankieta-mini-Rockin-Baby-Studio-300x200.jpg 300w, http:\/\/rockinbabystudio.pl\/wp-content\/uploads\/2026\/03\/Ankieta-mini-Rockin-Baby-Studio-768x512.jpg 768w, http:\/\/rockinbabystudio.pl\/wp-content\/uploads\/2026\/03\/Ankieta-mini-Rockin-Baby-Studio-1536x1024.jpg 1536w, http:\/\/rockinbabystudio.pl\/wp-content\/uploads\/2026\/03\/Ankieta-mini-Rockin-Baby-Studio.jpg 1651w\" sizes=\"(max-width: 1024px) 100vw, 1024px\" \/><\/figure><div class=\"wp-block-media-text__content\">\n<p>Zobacz moje najnowsze realizacje na Instagramie. Estetyka premium w codziennym wydaniu.<\/p>\n<\/div><\/div>\n\n\n\n<ul class=\"wp-block-social-links is-layout-flex wp-block-social-links-is-layout-flex\"><li class=\"wp-social-link wp-social-link-facebook  wp-block-social-link\"><a href=\"https:\/\/www.facebook.com\/rockinbabystudio\/\" class=\"wp-block-social-link-anchor\"><svg width=\"24\" height=\"24\" viewBox=\"0 0 24 24\" version=\"1.1\" xmlns=\"http:\/\/www.w3.org\/2000\/svg\" aria-hidden=\"true\" focusable=\"false\"><path d=\"M12 2C6.5 2 2 6.5 2 12c0 5 3.7 9.1 8.4 9.9v-7H7.9V12h2.5V9.8c0-2.5 1.5-3.9 3.8-3.9 1.1 0 2.2.2 2.2.2v2.5h-1.3c-1.2 0-1.6.8-1.6 1.6V12h2.8l-.4 2.9h-2.3v7C18.3 21.1 22 17 22 12c0-5.5-4.5-10-10-10z\"><\/path><\/svg><span class=\"wp-block-social-link-label screen-reader-text\">Facebook<\/span><\/a><\/li>\n\n<li class=\"wp-social-link wp-social-link-instagram  wp-block-social-link\"><a href=\"https:\/\/www.instagram.com\/rockinbabystudio_lublin\/\" class=\"wp-block-social-link-anchor\"><svg width=\"24\" height=\"24\" viewBox=\"0 0 24 24\" version=\"1.1\" xmlns=\"http:\/\/www.w3.org\/2000\/svg\" aria-hidden=\"true\" focusable=\"false\"><path d=\"M12,4.622c2.403,0,2.688,0.009,3.637,0.052c0.877,0.04,1.354,0.187,1.671,0.31c0.42,0.163,0.72,0.358,1.035,0.673 c0.315,0.315,0.51,0.615,0.673,1.035c0.123,0.317,0.27,0.794,0.31,1.671c0.043,0.949,0.052,1.234,0.052,3.637 s-0.009,2.688-0.052,3.637c-0.04,0.877-0.187,1.354-0.31,1.671c-0.163,0.42-0.358,0.72-0.673,1.035 c-0.315,0.315-0.615,0.51-1.035,0.673c-0.317,0.123-0.794,0.27-1.671,0.31c-0.949,0.043-1.233,0.052-3.637,0.052 s-2.688-0.009-3.637-0.052c-0.877-0.04-1.354-0.187-1.671-0.31c-0.42-0.163-0.72-0.358-1.035-0.673 c-0.315-0.315-0.51-0.615-0.673-1.035c-0.123-0.317-0.27-0.794-0.31-1.671C4.631,14.688,4.622,14.403,4.622,12 s0.009-2.688,0.052-3.637c0.04-0.877,0.187-1.354,0.31-1.671c0.163-0.42,0.358-0.72,0.673-1.035 c0.315-0.315,0.615-0.51,1.035-0.673c0.317-0.123,0.794-0.27,1.671-0.31C9.312,4.631,9.597,4.622,12,4.622 M12,3 C9.556,3,9.249,3.01,8.289,3.054C7.331,3.098,6.677,3.25,6.105,3.472C5.513,3.702,5.011,4.01,4.511,4.511 c-0.5,0.5-0.808,1.002-1.038,1.594C3.25,6.677,3.098,7.331,3.054,8.289C3.01,9.249,3,9.556,3,12c0,2.444,0.01,2.751,0.054,3.711 c0.044,0.958,0.196,1.612,0.418,2.185c0.23,0.592,0.538,1.094,1.038,1.594c0.5,0.5,1.002,0.808,1.594,1.038 c0.572,0.222,1.227,0.375,2.185,0.418C9.249,20.99,9.556,21,12,21s2.751-0.01,3.711-0.054c0.958-0.044,1.612-0.196,2.185-0.418 c0.592-0.23,1.094-0.538,1.594-1.038c0.5-0.5,0.808-1.002,1.038-1.594c0.222-0.572,0.375-1.227,0.418-2.185 C20.99,14.751,21,14.444,21,12s-0.01-2.751-0.054-3.711c-0.044-0.958-0.196-1.612-0.418-2.185c-0.23-0.592-0.538-1.094-1.038-1.594 c-0.5-0.5-1.002-0.808-1.594-1.038c-0.572-0.222-1.227-0.375-2.185-0.418C14.751,3.01,14.444,3,12,3L12,3z M12,7.378 c-2.552,0-4.622,2.069-4.622,4.622S9.448,16.622,12,16.622s4.622-2.069,4.622-4.622S14.552,7.378,12,7.378z M12,15 c-1.657,0-3-1.343-3-3s1.343-3,3-3s3,1.343,3,3S13.657,15,12,15z M16.804,6.116c-0.596,0-1.08,0.484-1.08,1.08 s0.484,1.08,1.08,1.08c0.596,0,1.08-0.484,1.08-1.08S17.401,6.116,16.804,6.116z\"><\/path><\/svg><span class=\"wp-block-social-link-label screen-reader-text\">Instagram<\/span><\/a><\/li>\n\n<li class=\"wp-social-link wp-social-link-mail  wp-block-social-link\"><a href=\"mailto:&#114;ock&#105;n&#098;ab&#121;st&#117;&#100;&#105;o&#064;gm&#097;il&#046;&#099;&#111;m\" class=\"wp-block-social-link-anchor\"><svg width=\"24\" height=\"24\" viewBox=\"0 0 24 24\" version=\"1.1\" xmlns=\"http:\/\/www.w3.org\/2000\/svg\" aria-hidden=\"true\" focusable=\"false\"><path d=\"M19,5H5c-1.1,0-2,.9-2,2v10c0,1.1.9,2,2,2h14c1.1,0,2-.9,2-2V7c0-1.1-.9-2-2-2zm.5,12c0,.3-.2.5-.5.5H5c-.3,0-.5-.2-.5-.5V9.8l7.5,5.6,7.5-5.6V17zm0-9.1L12,13.6,4.5,7.9V7c0-.3.2-.5.5-.5h14c.3,0,.5.2.5.5v.9z\"><\/path><\/svg><span class=\"wp-block-social-link-label screen-reader-text\">Mail<\/span><\/a><\/li>\n\n<li class=\"wp-social-link wp-social-link-tiktok  wp-block-social-link\"><a href=\"https:\/\/www.tiktok.com\/@rockinbabystudio\" class=\"wp-block-social-link-anchor\"><svg width=\"24\" height=\"24\" viewBox=\"0 0 32 32\" version=\"1.1\" xmlns=\"http:\/\/www.w3.org\/2000\/svg\" aria-hidden=\"true\" focusable=\"false\"><path d=\"M16.708 0.027c1.745-0.027 3.48-0.011 5.213-0.027 0.105 2.041 0.839 4.12 2.333 5.563 1.491 1.479 3.6 2.156 5.652 2.385v5.369c-1.923-0.063-3.855-0.463-5.6-1.291-0.76-0.344-1.468-0.787-2.161-1.24-0.009 3.896 0.016 7.787-0.025 11.667-0.104 1.864-0.719 3.719-1.803 5.255-1.744 2.557-4.771 4.224-7.88 4.276-1.907 0.109-3.812-0.411-5.437-1.369-2.693-1.588-4.588-4.495-4.864-7.615-0.032-0.667-0.043-1.333-0.016-1.984 0.24-2.537 1.495-4.964 3.443-6.615 2.208-1.923 5.301-2.839 8.197-2.297 0.027 1.975-0.052 3.948-0.052 5.923-1.323-0.428-2.869-0.308-4.025 0.495-0.844 0.547-1.485 1.385-1.819 2.333-0.276 0.676-0.197 1.427-0.181 2.145 0.317 2.188 2.421 4.027 4.667 3.828 1.489-0.016 2.916-0.88 3.692-2.145 0.251-0.443 0.532-0.896 0.547-1.417 0.131-2.385 0.079-4.76 0.095-7.145 0.011-5.375-0.016-10.735 0.025-16.093z\" \/><\/svg><span class=\"wp-block-social-link-label screen-reader-text\">TikTok<\/span><\/a><\/li><\/ul>\n\n\n\n<div class=\"wp-block-columns is-layout-flex wp-container-core-columns-is-layout-28f84493 wp-block-columns-is-layout-flex\">\n<div class=\"wp-block-column is-layout-flow wp-block-column-is-layout-flow\" style=\"flex-basis:100%\">\n<div class=\"wp-block-group is-nowrap is-layout-flex wp-container-core-group-is-layout-6c531013 wp-block-group-is-layout-flex\">\n<details class=\"wp-block-details is-layout-flow wp-block-details-is-layout-flow\"><summary><\/summary><\/details>\n<\/div>\n<\/div>\n<\/div>\n\n\n\n<p><\/p>\n","protected":false},"excerpt":{"rendered":"<p>Najszybciej skontaktujesz si\u0119 ze mn\u0105 telefonicznie 607860425 Studio znajduje si\u0119 w Lublinie na ul.Jana Sawy Terminy Czasem szybkie terminy dost\u0119pne s\u0105 na Zalamo Optymalny czas na rezerwacj\u0119 sesji to tak 8-4 tygodni wcze\u015bniej. Czasem trafiamy na szybkie terminy kiedy co\u015b si\u0119 przesunie (co przy pracy z maluchami si\u0119 zdarza). Przez zalamo przede wszystkim prowadz\u0119 zapisy [&hellip;]<\/p>\n","protected":false},"author":1,"featured_media":0,"parent":0,"menu_order":0,"comment_status":"closed","ping_status":"closed","template":"","meta":{"footnotes":""},"class_list":["post-269","page","type-page","status-publish","hentry"],"_links":{"self":[{"href":"http:\/\/rockinbabystudio.pl\/index.php\/wp-json\/wp\/v2\/pages\/269","targetHints":{"allow":["GET"]}}],"collection":[{"href":"http:\/\/rockinbabystudio.pl\/index.php\/wp-json\/wp\/v2\/pages"}],"about":[{"href":"http:\/\/rockinbabystudio.pl\/index.php\/wp-json\/wp\/v2\/types\/page"}],"author":[{"embeddable":true,"href":"http:\/\/rockinbabystudio.pl\/index.php\/wp-json\/wp\/v2\/users\/1"}],"replies":[{"embeddable":true,"href":"http:\/\/rockinbabystudio.pl\/index.php\/wp-json\/wp\/v2\/comments?post=269"}],"version-history":[{"count":3,"href":"http:\/\/rockinbabystudio.pl\/index.php\/wp-json\/wp\/v2\/pages\/269\/revisions"}],"predecessor-version":[{"id":277,"href":"http:\/\/rockinbabystudio.pl\/index.php\/wp-json\/wp\/v2\/pages\/269\/revisions\/277"}],"wp:attachment":[{"href":"http:\/\/rockinbabystudio.pl\/index.php\/wp-json\/wp\/v2\/media?parent=269"}],"curies":[{"name":"wp","href":"https:\/\/api.w.org\/{rel}","templated":true}]}}